 - k. List the prime factors of o.
1109
Let j = 11475 + -684. What are the prime factors of j?
3, 11, 109
Let t(y) = 347*y - 35. Let n be t(-5). List the prime factors of (n/(-24) - 1)*16/2.
2, 3, 97
Suppose -703*v = -690*v - 88283. What are the prime factors of v?
6791
Let q(r) = 38265*r**2 + 113*r - 110. List the prime factors of q(1).
2, 3, 1063
List the prime factors of 1/(-5) + 2219360/550.
3, 5, 269
Let n(i) = 2*i**2 - 15*i - 1. Let v be n(7). List the prime factors of (-850)/(-80) - 3/v.
11
Suppose 0 = -4*q - 3*z + 1197, -4*q + 7*q - 879 = 4*z. Suppose 0 = 4*o - m - 344 - q, -2*o + 2*m = -322. What are the prime factors of o?
2, 5
Let b(o) be the second derivative of o**4/12 - o**3/3 + 15*o**2 + 40*o + 1. List the prime factors of b(14).
2, 3, 11
Let w(k) = 9*k**2 + 23*k + 55. Let i be w(-10). Let v = 430 + i. What are the prime factors of v?
3, 5, 7, 11
Let v(z) = -101*z. Let i be v(-4). Let l(h) = -116*h - 922. Let s be l(-8). Suppose -s*j = -10*j + i. List the prime factors of j.
101
Let o(j) = 14*j + 91. Suppose -3*w + 5*c + 77 = 0, -104 = -4*w - 3*c - 40. List the prime factors of o(w).
3, 7, 17
Suppose -18*u - 31260 = -5*z + 145264, -2*z = 5*u - 70634. What are the prime factors of z?
2, 2207
Suppose 0 = 4*w + 20, z + 0*w + 2*w - 492 = 0. Let c = -192 + z. What are the prime factors of c?
2, 5, 31
Let b = -46 + 51. Suppose -b*i - 544 = -3*l - 210, -3*l = -i - 74. What are the prime factors of i/1*(-54)/45?
2, 3, 13
Let r(b) = b**2 - 14*b + 364. List the prime factors of r(50).
2, 541
Let h be (-33)/(-66)*(2 - 1)*6. Suppose h*s - 1380 = 4*c - 3*c, -5*c = -s + 460. What are the prime factors of s?
2, 5, 23
Let t(h) be the third derivative of -h**6/60 - 23*h**5/60 + 5*h**4/8 - 7*h**3/2 + 97*h**2. What are the prime factors of t(-13)?
3, 97
Suppose 10514 = 128*s + 2194. Let k(n) = 5*n**2 - n + 3. Let f be k(6). Suppose 8*t - f = -s. List the prime factors of t.
2, 7
Suppose -6*x + 11173 = -15557. What are the prime factors of x?
3, 5, 11
Let k(z) = -z**3 - 23*z**2 + 28*z + 72. Let l be k(-24). What are the prime factors of (3/l*-158)/((-12)/(-240))?
5, 79
Let m(i) = 2*i**3 - 48*i**2 + 86*i - 26. List the prime factors of m(29).
2, 3, 7, 37
Let s(t) = t**3 - t**2 - 2*t - 10. Let h be s(3). Suppose 2*l - 1573 = -h*l + w, 3*w = -3*l + 1191. Let r = l - 232. What are the prime factors of r?
2, 3
Let f(h) = -h**3 - 12*h**2 - 42*h - 77. Let u(q) = q**3 + 15*q**2 + 41*q + 77. Let a(y) = 3*f(y) + 4*u(y). List the prime factors of a(-19).
2, 5, 29
Let n = -50 + 50. Suppose n = 6*a - 2147 - 1429. Suppose 0*w + 5*u = -3*w + 380, -u - a = -5*w. What are the prime factors of w?
2, 3, 5
Let n(v) = -v**2 + 10*v - 3. Let d be n(7). Suppose -19*q + 1 = -d*q. What are the prime factors of -2 - (q - (5 + 3))?
5
Suppose 127805 = 5*m - 6900. What are the prime factors of m?
29, 929
Suppose -4*v = 5*y - 16, y + 0*y + 4*v = 0. Suppose y = 7*a - 101. What are the prime factors of 6/10 - (-1296)/a?
3, 29
Suppose -12*q + 20196 = 5*q. Let h = q + -843. Suppose -3*k + 345 = 3*j, -3*j + 3*k = -0*j - h. List the prime factors of j.
5, 23
Let w(b) = 138*b - 95. Let h = -358 - -364. What are the prime factors of w(h)?
733
Suppose -9*x = -2*x + 10360. Let z be (x/15)/4*3. Let v = -37 - z. List the prime factors of v.
37
Let g = 294 - 291. Suppose 0 = -4*p + 4*h + 1443 + 809, -g*p - 2*h = -1684. What are the prime factors of p?
2, 281
Let k = 17 - 15. Let a = -14 - -13. What are the prime factors of 138/(-12)*a*k?
23
Suppose -6776657 = -105*u - 122*u + 4347251. What are the prime factors of u?
2, 12251
Suppose -2*c - 5*g - 8 = -g, -2*g = -2*c + 4. Suppose -19*y + 7695 - 817 = c. What are the prime factors of y?
2, 181
Suppose -2*g - 4 + 8 = 0. Suppose -129 = -g*q + 269. Suppose s = -h + q, -h = 2*h + 5*s - 593. What are the prime factors of h?
3, 67
Let c be (-1 - (-1)/5) + 144/30. Suppose -220 = -c*t + 4. Suppose 51*z + 925 = t*z. What are the prime factors of z?
5, 37
Suppose -b - 4*p + 31 = -3*p, 5*b = -p + 159. Let i = b - 14. Suppose y = i - 4. What are the prime factors of y?
2, 7
Let d be ((-6)/14)/(28/(-196)). Suppose -335 = -5*a - d*f, 5*a - 90 = -f + 235. What are the prime factors of a?
2
Suppose 2*s + 6*l = l - 1, 3*s + l - 18 = 0. What are the prime factors of 3/(-12)*s*-236?
7, 59
Let n be 6/(1225/154 - 8). Let i = 1181 + n. List the prime factors of i.
1049
Let c(q) = 1203*q**2 + 351*q + 131. List the prime factors of c(-7).
41, 1381
Let x be 6*(-460)/(-8)*8/24. Suppose 124 = -2*j - 30. Let g = x + j. What are the prime factors of g?
2, 19
Let c = -6 + 8. Let l(a) = -32*a**2 - 1 + 30*a**2 + a**3 - c - 2*a. List the prime factors of l(4).
3, 7
Let x(g) = g + 1. Let j(n) = -n**2 - 8*n + 28. Let p(s) = -j(s) - 3*x(s). Let h = -14779 + 14786. What are the prime factors of p(h)?
53
Suppose -2*j + 250 = -1712. Suppose -5*n = -4*t + 1299, 3*t + 3*n - j = -0*t. List the prime factors of t.
2, 163
What are the prime factors of -9 - 2 - 6130*-2?
3, 1361
Suppose u = 28*n - 29*n + 2319, -u = 3*n - 2325. List the prime factors of u.
2, 3, 193
Let q be 1/2 + (11/(-22) - -2). Suppose -1323 = 4*s - 4*l - 5111, q*s = 4*l + 1902. List the prime factors of s.
23, 41
Suppose 0 = -9*s - 7 + 43. Suppose 0 = -s*m + 477 + 287. What are the prime factors of m?
191
Suppose 6*w - z = 2*w + 29909, 2*w = 5*z + 14959. List the prime factors of w.
7477
Let j(f) be the second derivative of f**4/12 - 5*f**3/3 - 4*f**2 + 2*f. Let k be j(5). Let u = k - -155. What are the prime factors of u?
2, 61
Let a(j) = 34*j - 395. Let v be a(53). Suppose 6*k - 531 = v. List the prime factors of k.
17, 19
Let s be -2*(-3 + 2) - -2. Suppose 2*y - s*y - 100 = 0. What are the prime factors of (3*y/45)/(4/(-18))?
3, 5
Let n be -30 + -1 + -6 + 6 + -2. Let u(k) = -3*k - 87. List the prime factors of u(n).
2, 3
Suppose 5*x - 3*h - 13 - 16 = 0, 2*x - 24 = -5*h. Let f be 2*(3 - -5) + -4. What are the prime factors of 2379/f - x/28?
2, 3, 11
Let g be 10/(-4) + 4 + 3/6. Suppose 0 = g*u - 106 - 500. Suppose -10*m + u + 1247 = 0. What are the prime factors of m?
5, 31
Let s = 6006 - -1108. What are the prime factors of s?
2, 3557
Let o = 82329 - 50270. What are the prime factors of o?
32059
Let r = 10315 + -10142. What are the prime factors of r?
173
What are the prime factors of (16/(-5))/(-2 - (-252180)/126100)?
2, 13, 97
Suppose -14*g = -5217 - 14663. Suppose -3*v - 4*x + g = -1386, -x - 3773 = -4*v. What are the prime factors of v?
2, 3, 157
Let l = 6408 - -2828. What are the prime factors of l?
2, 2309
Suppose 2327 = -4*b + 5*u + 17154, 0 = 3*b + 5*u - 11094. What are the prime factors of b?
7, 23
Suppose 19*w - 20*w = 3*f + 20, 5*f + 44 = w. List the prime factors of (f/(-7))/4 + (-8256)/(-14).
2, 5, 59
Let p(i) = 8*i**2 + 6*i - 3. Let w(a) = a**3 - 25*a**2 + 23*a + 19. Let n be w(24). Let q be p(n). Let z = -70 + q. List the prime factors of z.
97
Let u = 1703 - -8238. List the prime factors of u.
9941
Suppose -11*h + 12*h = 15. What are the prime factors of 195 - (-20)/6*h/10?
2, 5
Let k(i) = -61*i - 18. Let a be k(-8). Suppose -j - 1276 = -p - a, 5*p - 20 = 0. List the prime factors of 4/(-16) - j/8.
2, 5
Let h = -4 + 4. Suppose h*w = -5*w + 295. Suppose 2*i + 3*k = 173, 4*i - 3*k - w = 260. List the prime factors of i.
2, 41
Let r(j) = -149*j - 13. Let x be ((-5)/(-2) - 3)*6. List the prime factors of r(x).
2, 7, 31
Let u(p) = p**2 - 12*p + 33. Let i be u(6). What are the prime factors of 866 + (-6)/(1 + i) + -4?
5, 173
Let t = -7349 + 14130. List the prime factors of t.
6781
Suppose 5*f = 0, -w + 2*f + 24609 + 25308 = -10955. List the prime factors of w.
2, 7, 1087
Suppose a - 3*p - 3438 = 0, 4*a - 13404 = -2*p + 418. List the prime factors of a.
3, 1151
Suppose 74*r + 99 = 85*r. Suppose -2703 = -r*m + 2598. What are the prime factors of m?
19, 31
Let a(p) = 5*p**3 + 2*p**2 + 145*p - 258. List the prime factors of a(20).
2, 7, 29, 107
Suppose -r + 21374 + 5589 = 4*i, -2*i = 5*r - 13495. What are the prime factors of i?
2, 5, 337
Let f be ((-624)/32)/(1/(-10)). Suppose -269 = 2*c - 275. Suppose 2*b = r - 143, c*b + 627 - f = 3*r. What are the prime factors of r?
5, 29
Let a(k) = -5*k - 31. Let m be a(-8). Let w be 3/9*4*m/12. What are the prime factors of 24/30 - w/((-10)/1192)?
2, 3, 5
List the p